{"id":43,"date":"2013-02-03T04:46:54","date_gmt":"2013-02-03T02:46:54","guid":{"rendered":"http:\/\/www.refugeetribunal.org\/?page_id=43"},"modified":"2013-06-08T15:50:54","modified_gmt":"2013-06-08T13:50:54","slug":"contacts","status":"publish","type":"page","link":"https:\/\/www.refugeetribunal.org\/?page_id=43","title":{"rendered":"Contacts"},"content":{"rendered":"<p><strong>Contact for the press \/ Kontakt f\u00fcr die Presse<\/strong><\/p>\n<p>Email: press@refugeetribunal.org<\/p>\n<ul>\n<li>G\u00fclay Boran (languages spoken: Turkish; Sprache: t\u00fcrkisch)<\/li>\n<li>Miloud L. Cheriff (Arabic, English, French, German, Russian; arabisch, deutsch, englisch, franz\u00f6sisch, russisch)<\/li>\n<li>Eylem Silan (German, Turkish; deutsch und t\u00fcrkisch)<\/li>\n<li>Rex Osa (English, German; deutsch, englisch)<\/li>\n<\/ul>\n<p>&nbsp;<\/p>\n<p><strong>Regiol contacts \/ Regionale Kontakte:<\/strong><\/p>\n<p><strong>BERLIN<\/strong><br \/>\nThe Caravan-for the Rights of refugees and Migrants<br \/>\nThe VOICE (Refugee) Forum Berlin<br \/>\nHandy: +49 (0)170\/8788124 | E- mail: the_voice_berlin@emdash.org<\/p>\n<p><strong>EAST \u2013 JENA<\/strong><br \/>\nTHE VOICE Refugee Forum<br \/>\nSchillerg\u00e4sschen 5, 07745 Jena<br \/>\nTelefon: 0176 24568988<br \/>\nEmail: thevoiceforum@emdash.org<\/p>\n<p><strong>NORTH\u00a0 \u2013 HAMBURG<\/strong><br \/>\nCARAVAN for the Rights of Refugees and Migrants<br \/>\nBrigittenstra\u00dfe 5, 20359 Hamburg<br \/>\nTelefon: 040 43189037 | Email:\u00a0\u00a0\u00a0\u00a0 free2move@nadir.org<\/p>\n<p><strong>SOUTH \u2013 STUTTGART<\/strong><br \/>\nTHE VOICE Refugee Forum<br \/>\nB\u00f6blinger Stra\u00dfe 105, 70199 Stuttgart<br \/>\nTelefon: 0176 27873832 | Email: thevoice_bdw@yahoo.de<\/p>\n<p><strong>WEST \u2013 WUPPERTAL<\/strong><br \/>\nCARAVAN for the Rights of Refugees and Migrants<br \/>\nMarienstra\u00dfe 52, 42105 Wuppertal<br \/>\nTelefon:\u00a0+49 (0) 202 94 67 920 | Email:\u00a0\u00a0\u00a0\u00a0 wuppkarawane@yahoo.de<\/p>\n","protected":false},"excerpt":{"rendered":"<p>Contact for the press \/ Kontakt f\u00fcr die Presse Email: press@refugeetribunal.org G\u00fclay Boran (languages spoken: Turkish; Sprache: t\u00fcrkisch) Miloud L. Cheriff (Arabic, English, French, German, Russian; arabisch, deutsch, englisch, franz\u00f6sisch, russisch) Eylem Silan (German, Turkish; deutsch und t\u00fcrkisch) Rex Osa &hellip; <a href=\"https:\/\/www.refugeetribunal.org\/?page_id=43\">Weiterlesen <span class=\"meta-nav\">&rarr;<\/span><\/a><\/p>\n","protected":false},"author":1,"featured_media":0,"parent":0,"menu_order":0,"comment_status":"open","ping_status":"open","template":"","meta":[],"_links":{"self":[{"href":"https:\/\/www.refugeetribunal.org\/index.php?rest_route=\/wp\/v2\/pages\/43"}],"collection":[{"href":"https:\/\/www.refugeetribunal.org\/index.php?rest_route=\/wp\/v2\/pages"}],"about":[{"href":"https:\/\/www.refugeetribunal.org\/index.php?rest_route=\/wp\/v2\/types\/page"}],"author":[{"embeddable":true,"href":"https:\/\/www.refugeetribunal.org\/index.php?rest_route=\/wp\/v2\/users\/1"}],"replies":[{"embeddable":true,"href":"https:\/\/www.refugeetribunal.org\/index.php?rest_route=%2Fwp%2Fv2%2Fcomments&post=43"}],"version-history":[{"count":7,"href":"https:\/\/www.refugeetribunal.org\/index.php?rest_route=\/wp\/v2\/pages\/43\/revisions"}],"predecessor-version":[{"id":79,"href":"https:\/\/www.refugeetribunal.org\/index.php?rest_route=\/wp\/v2\/pages\/43\/revisions\/79"}],"wp:attachment":[{"href":"https:\/\/www.refugeetribunal.org\/index.php?rest_route=%2Fwp%2Fv2%2Fmedia&parent=43"}],"curies":[{"name":"wp","href":"https:\/\/api.w.org\/{rel}","templated":true}]}}